In base 4, what is -3132223131213 - -2?
-3132223131211
In base 8, what is 3 + -5145100?
-5145075
In base 8, what is -23556 - -54534?
30756
In base 16, what is 196 - 75b8?
-7422
In base 7, what is -2543632654 - 1?
-2543632655
In base 16, what is 3568ea8 + 2?
3568eaa
In base 2, what is -1011001111000010000100 + 11?
-1011001111000010000001
In base 3, what is 10 + -11011120001101?
-11011120001021
In base 5, what is 1103324 - 2134?
1101140
In base 11, what is 159143 - 131a?
157924
In base 9, what is 368335 - -23?
368358
In base 9, what is 5 + 172228326?
172228332
In base 12, what is -31 + 13061?
13030
In base 15, what is 1de602c - 18?
1de6014
In base 14, what is 753b31 + a?
753b3b
In base 9, what is -741 - -7138?
6287
In base 7, what is 0 - 32264414?
-32264414
In base 9, what is 2850762 - 70?
2850682
In base 14, what is -a0 + -9172?
-9232
In base 3, what is -100221200010 + -1?
-100221200011
In base 3, what is 121002022222 + 22?
121002100021
In base 15, what is 14e7c + 1ae0?
16a6c
In base 15, what is 19a + 191cd?
19378
In base 9, what is -1 + 4441047?
4441046
In base 8, what is -35 + -404235?
-404272
In base 6, what is -5430 - 1333532?
-1343402
In base 13, what is 99486c - 9?
994863
In base 8, what is -4344550422 - 4?
-4344550426
In base 7, what is 5311 - 21512?
-13201
In base 14, what is -514ac7 + -2d?
-514b16
In base 9, what is 2351410 - 246?
2351153
In base 14, what is 3 - a9980b?
-a99808
In base 3, what is 1000201101 + -212100?
222212001
In base 6, what is -352 - -34424?
34032
In base 6, what is 3 + 2130424535?
2130424542
In base 9, what is -142 - -3484850?
3484707
In base 11, what is -5 + 1546477?
1546472
In base 15, what is -2485 - c9?
-255e
In base 12, what is -32b5 - -5b1?
-2904
In base 5, what is -2340 - -113442311?
113434421
In base 10, what is 0 - -2577055?
2577055
In base 15, what is -1455733 - 5?
-1455738
In base 5, what is -1231011 + -3131?
-1234142
In base 10, what is -81817174 - 3?
-81817177
In base 9, what is 27 + -711751?
-711723
In base 15, what is 2 - -847a0a?
847a0c
In base 9, what is 8152284 + 0?
8152284
In base 10, what is -1104 - 18246?
-19350
In base 7, what is 436041 - 0?
436041
In base 2, what is 1010011111000100 - 10?
1010011111000010
In base 8, what is 161 - 3771?
-3610
In base 15, what is 4 - 26a1240?
-26a123b
In base 3, what is 121101001111 - -110?
121101001221
In base 10, what is 231395 + -8?
231387
In base 14, what is 1dc7221 + 5?
1dc7226
In base 14, what is -8886 - -222?
-8664
In base 2, what is -10001011 - -1011111001101111011110?
1011111001101101010011
In base 6, what is -110454 + 4224?
-102230
In base 14, what is 1 + -16598d6?
-16598d5
In base 3, what is -1001101202 + 22101000?
-202000202
In base 5, what is -14 + -102132402?
-102132421
In base 16, what is 122 - a983?
-a861
In base 14, what is 1070 + 1722?
2792
In base 6, what is -322041222 + 230?
-322040552
In base 9, what is 2473018 - 4?
2473014
In base 13, what is -104 - -306bc?
305b8
In base 3, what is -10 + -10100212200101022?
-10100212200101102
In base 5, what is 1123442 - -311?
1124303
In base 7, what is -123621405 + -1?
-123621406
In base 2, what is 100100100101011000001110 + 100?
100100100101011000010010
In base 5, what is 42324 - -230234?
323113
In base 7, what is -66343 - -205314?
105641
In base 13, what is -4a4 + 1b35?
1661
In base 13, what is 5c8c93 + 78?
5c903b
In base 3, what is 10221110210210001 + -2?
10221110210202222
In base 5, what is -3 - 140341032?
-140341040
In base 10, what is 5 - -3992874?
3992879
In base 4, what is -200 - -1132223032123?
1132223031323
In base 11, what is -10a271 + -14?
-10a285
In base 6, what is 12 + -41355535?
-41355523
In base 15, what is -7aa + -4034?
-47de
In base 10, what is 2021753 + -7?
2021746
In base 15, what is 78d + -1eab?
-171d
In base 2, what is 100010101000100111 + -1?
100010101000100110
In base 15, what is 4a82d41 - 3?
4a82d3d
In base 11, what is -3 - -1a49424?
1a49421
In base 5, what is -13 + 12113032341?
12113032323
In base 6, what is -40 - 3404413243?
-3404413323
In base 2, what is 111 - -11011111000001011010?
11011111000001100001
In base 7, what is 255141 + 6446?
264620
In base 13, what is -75 - 20b2?
-2157
In base 11, what is -1 - 8513a97?
-8513a98
In base 6, what is -125151105 - 2?
-125151111
In base 5, what is 2100222 - 1403?
2043314
In base 2, what is 111011110100010100001110 + -100?
111011110100010100001010
In base 14, what is -1d9 + 36437c?
364183
In base 2, what is 110100100 + 11111011011101?
100000010000001
In base 5, what is 22330 + 3111011?
3133341
In base 13, what is -a8675 - 16?
-a868b
In base 13, what is 5 + -1b0851c?
-1b08517
In base 9, what is -452 - 122145?
-122607
In base 2, what is 11 + -11001010010000010011?
-11001010010000010000
In base 13, what is 1 + -1636540b?
-1636540a
In base 15, what is 22266 - -11a2?
23418
In base 10, what is -1158 + -10210?
-11368
In base 6, what is 1152234331 + -5?
1152234322
In base 15, what is -25e - -387c6?
38567
In base 12, what is -9a098 + -496?
-9a572
In base 6, what is -13 + -2301324?
-2301341
In base 15, what is -cb4 - 8c1?
-1685
In base 4, what is 11223322333002 - 10?
11223322332332
In base 11, what is 455662 - -115?
455777
In base 7, what is -151 + 16150?
15666
In base 2, what is 1001111011000100001 - -10110?
1001111011000110111
In base 7, what is -22 - 14035140?
-14035162
In base 6, what is -143252444 - 2?
-143252450
In base 13, what is -b90c5 + -29?
-b9121
In base 15, what is -12d8b23 + -1?
-12d8b24
In base 2, what is -11 - 100000111110100000010011000?
-100000111110100000010011011
In base 3, what is 110201020120 + -110201?
110200202212
In base 7, what is 11420532501 - -1?
11420532502
In base 7, what is -3632124 - 35?
-3632162
In base 11, what is 2909227 + 1?
2909228
In base 12, what is 372b - 3a07?
-298
In base 11, what is -18a - -1803?
1624
In base 2, what is 11 - -100001101010100010100011?
100001101010100010100110
In base 13, what is bc68 - -1158?
100c3
In base 5, what is -20 - -1303322302?
1303322232
In base 13, what is -1 - 462c68?
-462c69
In base 2, what is 1 + 101101110011001110110010?
101101110011001110110011
In base 8, what is -12 + 1201373?
1201361
In base 13, what is 10b - -262423?
262531
In base 15, what is -19cbe9 - d?
-19cc07
In base 15, what is -75357a + c?
-75356d
In base 2, what is -11001011 - -101010011100101110?
101010011001100011
In base 9, what is 5 - 61238?
-61233
In base 3, what is 0 - -11121210200100?
11121210200100
In base 4, what is 3 - -1003033032010?
1003033032013
In base 13, what is 10bb - -43011?
440cc
In base 6, what is -440153 - 45?
-440242
In base 15, what is 512 + 84c?
d5e
In base 10, what is -4539318 - -1?
-4539317
In base 3, what is -21 - -1100020010101?
1100020010010
In base 8, what is 4 - 221653325?
-221653321
In base 10, what is 147 - 274687?
-274540
In base 10, what is -37515 - 56?
-37571
In base 15, what is -714ed + 3e?
-714ae
In base 4, what is -22 - 2311202302?
-2311202330
In base 14, what is -13 - -2d9417a?
2d94167
In base 3, what is 211 + -1210202222022?
-1210202221111
In base 15, what is ae3077d - 4?
ae30779
In base 10, what is 260 - 1498935?
-1498675
In base 4, what is 1 + -1200212002300?
-1200212002233
In base 9, what is 21313 + 2077?
23401
In base 2, what is -10000011000111000 + -1111100?
-10000011010110100
In base 11, what is 5689 + 320?
59a9
In base 13, what is -127a6b7 + b?
-127a6a9
In base 9, what is 222235 + -2556?
218568
In base 6, what is -1 + 1513242051?
1513242050
In base 8, what is 22150 + -1443?
20505
In base 4, what is 23 - -13210030032?
13210030121
In base 12, what is 4 - -3505a85?
3505a89
In base 2, what is -1111011010111000000 + -10110110?
-1111011011001110110
In base 13, what is 839 - 576b?
-4c32
In base 14, what is -39c93 + 212?
-39a81
In base 14, what is b54b32 - -2a?
b54b5c
In base 5, what is -110311404 + -3034?
-110314443
In base 9, what is 5 + 537087460?
537087465
In base 15, what is 25 - -6720d?
67233
In base 6, what is -323451554 - -34?
-323451520
In base 15, what is 3 + -72b94?
-72b91
In base 11, what is 27854764 - -1?
27854765
In base 4, what is 2 - 202102330323?
-202102330321
In base 9, what is 16 + -508128?
-508112
In base 16, what is -865d - dfc?
-9459
In base 13, what is 4 + -1214023?
-121401c
In base 8, what is 16111041 + 3?
16111044
In base 6, what is -14000 + -332